 2*y = -57, -3*y = -2*t + 2*y - 12. Let i(g) = g**3 - 7*g**2 - 18*g + 2. Calculate i(t).
2
Let j(n) = 43*n + 6. Suppose s = -3*h - 3 - 15, -3*h = -5*s. Give j(s).
-123
Suppose 2*d = -2*d + 8. Let z be (1 - (0 + 6)) + d. Let a(b) = 73*b + 0*b**2 + 1 - 5*b - 2 - 11*b - 59*b - b**2. Determine a(z).
-4
Let c(a) = a**2 + 7*a - 31. Let b(r) = -r**3 + r**2 + 87*r + 20. Let o be b(10). Calculate c(o).
-1
Let v(u) = 10*u + 72. Let l(z) = 3*z + 2. Let f(x) = 2*l(x) - v(x). Give f(-14).
-12
Let h(f) be the first derivative of 5*f**2/2 + 132*f - 199. What is h(-27)?
-3
Let n(p) = 29*p - 90. Let d be -14 - ((-10 - -1) + -8). Determine n(d).
-3
Let r(o) = -12*o**2 + 8*o + 17. Let q(p) = 13*p**2 - 4*p - 17. Let h(v) = 2*q(v) + 3*r(v). What is h(-1)?
-9
Let o(w) be the first derivative of 2*w**2 - w + 130. Let t = 1 - 2. Let h be -2 + t + (17 - 13). Calculate o(h).
3
Let h(l) = l**3 + 5*l**2 + 2*l - 3. Suppose 34 - 109 = 5*w. Let n be ((-2)/(-4))/(w/120). Let o = n + 0. Give h(o).
5
Suppose 16 = 2*h - 6*m + m, 0 = h + 2*m + 1. Suppose h*f - 80 = -44. Let q(w) = -f - 2 - w**2 + 7 - 7*w. What is q(-6)?
-1
Let k(g) be the first derivative of g**5/20 + g**3/3 + g**2 - 93*g - 14. Let v(i) be the first derivative of k(i). What is v(-2)?
-10
Let x(g) = -g**3 - 11*g**2 - 17*g + 19. Let s be x(-9). Let w(q) = -s*q - 5*q + 3*q + 11*q + 15*q**2. What is w(-1)?
16
Let k(w) = 21*w + 9. Suppose -37*c = -5*y - 38*c - 6, 30 = y - 5*c. Give k(y).
9
Let v(g) = g**3 - 3*g**2 + 3*g - 1. Let q = -175 - -101. Let x = -72 - q. Calculate v(x).
1
Suppose 124*u - 53*u + 1622 = -579. Let y(b) = -13*b - 408. Determine y(u).
-5
Suppose -4*v = -3*x - 28, 3*v - 14 = v - x. Let m(k) = -k**3 + 6*k**2 + 11*k - 25. Determine m(v).
3
Let q(x) = -3*x**2 - 34*x. Let r(b) = b**2 + 12*b. Let m(v) = 4*q(v) + 11*r(v). Let t = -2 - -3. Suppose -p + 5*a + 22 = 0, -5 - t = -3*p + 3*a. Calculate m(p).
3
Let n(k) be the third derivative of k**6/60 - k**5/15 - k**4/6 + k**3/3 - 399*k**2. Calculate n(4).
50
Let j = 8232 - 8230. Let u(h) be the third derivative of 1/60*h**5 - 14*h**j + 1/6*h**3 - 7/24*h**4 + 0 + 0*h. Give u(3).
-11
Let j(s) = 10*s**2 - 34*s - 2. Let d(r) = -3*r**2 + 11*r + 1. Let u(t) = 11*t - 40. Let f be u(3). Let i(l) = f*d(l) - 2*j(l). Determine i(9).
-3
Let a(x) be the second derivative of -x**5/40 - x**4/6 + 29*x**3/6 - 4*x. Let g(l) be the second derivative of a(l). Suppose 3*c = -10*c - 65. Calculate g(c).
11
Let y(c) = c**3 + 7*c**2 + 7*c + 2. Let v be (-3 - (-1 - 1))*-92. Let n = 86 - v. What is y(n)?
-4
Let h(y) be the first derivative of -y**4/4 - y**3 + 7*y**2/2 + 4. Let v = 27 - 21. Let t(m) = 12*m - 77. Let i be t(v). Determine h(i).
15
Suppose -45*j - 357 = -17*j + 23*j. Let o(n) = 5*n + 16. Calculate o(j).
-19
Let u(d) = -13*d**2 + 24*d + 17. Let r(c) = 7*c**2 - 14*c + 7. Let j(h) = 11*r(h) + 6*u(h). What is j(9)?
8
Let n(t) = -12*t**2 + 49*t - 25. Let y(c) = 7*c**2 - 27*c + 11. Let w(i) = 3*n(i) + 5*y(i). Give w(11).
-9
Let k = 19 - 19. Suppose k = -5*x + x - 20, 4*f = 5*x + 121. Let v(h) = -2*h + 5*h - h**2 - f + 20. What is v(-3)?
-22
Suppose 3*t = 2*v - 4, 0 = -2*t + 2*v - 9 + 3. Let n be 27 + -33 + t/1. Let m(f) = 2*f - 4. Give m(n).
-12
Let l be (-1)/(-2) + (-520)/16. Let h = l + -14. Let r = h + 41. Let z(i) = 3*i + 6. Calculate z(r).
-9
Let w = -3971 - -3970. Let y(a) = 25*a**2 - a - 2. Give y(w).
24
Let s = -22367 + 22366. Let w(f) = 1 - 1 - 14*f. What is w(s)?
14
Let k(g) be the first derivative of g**3/3 - 9*g**2/2 + 15*g + 1434. Calculate k(9).
15
Suppose 3*c - 4*w = -62, 33 = -c + 4*w - 1. Let j(u) = -14*u + 2 - u**2 - 30 + 7 + 9 + 5. Determine j(c).
-7
Let z(q) = 2*q**2 - 19*q - 48. Suppose -125*l + 1930 = 430. What is z(l)?
12
Let h(j) = -2*j**3 + 10*j**2 - 8*j + 4. Let g be (-2 + 48/21)/(1/14). Let q be h(g). Suppose -40 = -q*i - 24. Let p(t) = -t**2 + 4*t + 1. Calculate p(i).
1
Let g = 160 + -158. Suppose -g*w - 2*w = 36. Let v(l) = l**2 + 9*l - 6. Determine v(w).
-6
Let f(g) = 3*g + g + 5*g**2 + g**2. Let w(b) = -b**2 + b + 1. Let s(a) = f(a) + 5*w(a). Let t(z) = 24*z + 16. Let v be t(-1). What is s(v)?
-3
Let g(z) = 2*z**2 - 41*z + 204. Let h be g(8). Let q(n) = 3*n**2 - 5*n + 1. What is q(h)?
29
Let c(m) = m**3 + 9*m**2 - m + 11. Let x(h) = 5*h**3 + 37*h**2 - 4*h + 50. Let r(i) = 9*c(i) - 2*x(i). What is r(3)?
32
Let s(x) = -x**3 + 9*x**2 + 6*x + 33. Let i be 9132/(-96) + 5 - 1/(-8). Let t be (-17)/((-153)/i)*-1. Give s(t).
-7
Suppose 0 = -5*j + 4*f - 710, 7*j + 4*f + 256 = 5*j. Let z = 140 + j. Let y(t) = -3*t**3 + t**2 + t + 2. Determine y(z).
-16
Let h(b) = -3*b + 4. Let y(j) = 2. Let g(q) = 2*h(q) - 3*y(q). Let i = -8 + 11. What is g(i)?
-16
Suppose -4*h - p = 0, -4*h = -p - p. Let t(x) = 9*x + 3. Determine t(h).
3
Let x(u) = -5*u**2 + 2387*u - 13. Let a(y) = y**2 - 398*y. Let j(h) = 6*a(h) + x(h). Let o(r) = r + 4. Let s be o(-4). Give j(s).
-13
Let o(z) be the first derivative of -z**7/840 - z**6/60 + z**5/40 + z**4/4 + 88*z**3/3 - 15. Let q(r) be the third derivative of o(r). What is q(-6)?
-12
Suppose -2*k = -4*k + 3*x - 8, k + 2*x = -11. Let v(r) = -r - 2. Let n be v(k). Let d(w) = w**3 - 4*w**2 - 5*w + 3. Calculate d(n).
3
Let s(v) = -42*v**2 + 25*v - 74. Let a(b) = -17*b**2 + 12*b - 37. Let m(g) = -5*a(g) + 2*s(g). Determine m(7).
16
Let p be (-21)/(-84) + (-82)/8. Let m(y) = -10 - 59*y + 35*y + 23*y. Determine m(p).
0
Suppose 3*i = 3*n, i - n - 6 = -3*i. Suppose -g - 18 + 21 = 3*h, -2*h - 2*g - 2 = 0. Let w(z) = -h*z + 0 + 16*z - 1 - 7*z. Give w(i).
13
Let i(k) = -3*k**2 + 42*k + 47. Let g = 4117 - 4102. Give i(g).
2
Let s(m) = m + 6. Let q = -3558 - -3562. Determine s(q).
10
Let k be (-3 - -6 - 0)*(-5)/(-5). Suppose -4*w - 3*g + 5 = 0, 0 = -k*w + g + 11 - 4. Let p(s) = -4*s + 4. What is p(w)?
-4
Let l(g) = g**2 + g - 1. Let m = 29 - 50. Let c(b) = 2*b**2 + 43*b + 23. Let f be c(m). Calculate l(f).
5
Let d(u) = -4*u + 4. Suppose 186*r = 180*r - 282. Let h = -39 - r. What is d(h)?
-28
Let m(g) = -g**2 - 9*g - 9. Let y be m(-8). Let d(l) = 89875833 + 3*l**3 + l - 89875833. Determine d(y).
-4
Suppose 0 = 22*d + 1265 - 1573. Let l(j) = 3*j - 24. Determine l(d).
18
Suppose -1943 + 1910 = -11*x. Let a(l) = -l**3 - l**2 + l + 3. What is a(x)?
-30
Let a = 9 - 4. Suppose a*u - 2 = j, -5*j - 2*u - u = -46. Suppose -w - 3*w = -j, 9 = -v + 2*w. Let o(r) = -3*r - 5. What is o(v)?
10
Suppose -g + 2*v + 15 = 0, 2 = -3*v - 1. Let i = g + -8. Let b(h) be the third derivative of -h**4/8 - 2*h**3/3 - 8*h**2. Give b(i).
-19
Let z(t) = 998*t + 1002*t + 1001*t - 138 - 3017*t - 30. Calculate z(-10).
-8
Suppose -4*s = -9 - 15. Let j(i) be the third derivative of 26 + 0*i + 1/8*i**4 - i**2 - 2/3*i**3. Determine j(s).
14
Let y be ((-1)/2)/(13/26). Let x(j) be the first derivative of -1/3*j**3 + 0*j**2 - 8 + j. Give x(y).
0
Let c(f) = -3*f**2 + 2 - 9 + 2*f**2. Suppose -3*z = -2*z - 4. Suppose 3*w = 5*w + 2*u - 6, 2*w + z*u = 12. Determine c(w).
-7
Suppose -2*n + 5*k = -32, 0 = 4*n + 3*k - 713 + 701. Let o(g) = g**3 - 8*g**2 + 11*g - 5. What is o(n)?
-11
Let d(k) be the first derivative of -k**3/3 - 5*k**2/2 + 34*k - 1000. What is d(-11)?
-32
Let r(i) = -7 - 5 - 76 - 18*i + 96. Calculate r(0).
8
Let d be (0 - -5)/((-100)/(-120)). Let s(g) = 5*g + 9. Let q(t) = 9*t + 16. Let u(a) = d*q(a) - 11*s(a). Calculate u(0).
-3
Let v(i) = 2*i - 5*i**2 - 18 + 16 + 28*i**2. Let g be -9 - (-4 + (-15)/(-5)). Let k(j) = 8*j**2 + j - 1. Let s(p) = g*k(p) + 3*v(p). Determine s(2).
18
Let y(r) = -4*r - 15. Let h be (-4)/12 + (-28)/6. Let a be y(h). Let v(b) = 8 - a + 1 + b. What is v(0)?
4
Let r(y) be the third derivative of 1/3*y**4 - 33*y - 1/60*y**5 + 0 + 3*y**2 + 2*y**3. Determine r(9).
3
Let w(l) = -2*l**2 + 16*l + 21. Let x be w(9). Let u(h) = -25*h + 10*h + 12*h + 3*h**2 + h**x + 3. Calculate u(-3).
12
Let d = 33 - 30. Let m(s) = 45*s + 40*s + d - 86*s. What is m(13)?
-10
Let f = 4686 - 4682. Let c(z) = -2*z**2 + 3*z + 9. Calculate c(f).
-11
Suppose 8*z - 19 = 6*z - 5*t, -t = 5*z - 13. Let l(r) = 3 - z*r - 14 + 10. Calculate l(2).
-5
Let j be (-4 + (7 - 4))*-3. Let w(b) = -b - 14. Let q(u) = u + 16. Let l(h) = j*q(h) + 4*w(h). Calculate l(-4).
-4
Let v(n) = 6*n + 22. Let s = -2885 - -2877. What is v(s)?
-26
Let n(x) = x**2 + x. Let j be n(-2). Let l(d) = -7 + j*d + 1 + 0*d. Sup